(-53)/(-11).
3
Let m(r) = 17*r**2. Let q = 169 - 124. What is the remainder when q is divided by m(-1)?
11
Suppose -3*b = -72 + 6. Suppose -n = -3*p + 20 + 28, 0 = -3*n. Suppose -2*u - 5*d + 3*d = -p, -4*d = u + 4. What is the remainder when b is divided by u?
10
Let q(i) = 6*i**3 + i. Let d be q(1). Let n(b) = b**3 + 4*b**2 - 10*b + 11. Let v be n(-6). Let g = v + d. Calculate the remainder when g is divided by 3.
0
Let v = -6 + 29. What is the remainder when 13 - (10 - (-205)/(-5)) is divided by v?
21
Let r = 4 + 1. Suppose -3 - 1 = -2*z. Let p(x) = 3*x**2 + x. What is the remainder when p(z) is divided by r?
4
Suppose 3*w = -15, -h + 6*w - 7*w + 127 = 0. What is the remainder when h is divided by 24?
12
Suppose -2*p = -4*p. Suppose p = 3*y - 7*y. Suppose 4*h = -y*g - g + 66, 2*g + h = 118. Calculate the remainder when g is divided by 15.
13
Suppose 5*w - 3*d + 4*d - 115 = 0, 4*d = 3*w - 92. Suppose 2*l - 8 = -c, -4*l + 25 = l. Calculate the remainder when w is divided by ((-13)/(-2))/(c/(-4)).
11
Suppose 0 = a + 4, -240 = -3*s + 3*a - 0*a. Calculate the remainder when s is divided by 23.
7
Suppose 0 = -y + 6*y + 20. Let q = y - -7. Suppose -2*b + 24 = 4*b. What is the remainder when b is divided by q?
1
Suppose 2*n = n - 3*u + 41, 0 = 4*n - 5*u - 113. Suppose 231 = 3*w - 339. What is the remainder when w is divided by n?
30
Calculate the remainder when (-12)/20*(-2 - 3)*7 is divided by (-4)/(-8) - (-11)/2.
3
Let q(s) = -3*s + 1. Suppose -27*k + 630 = -20*k. Suppose 2*u - k = 5*p + 32, p = -2*u + 110. Calculate the remainder when u is divided by q(-6).
18
Let o = -398 + 421. Calculate the remainder when 88 is divided by o.
19
Let u = 295 + -218. Calculate the remainder when u is divided by 31.
15
Suppose 0 = 5*j - 0*j - 4*t - 179, -102 = -3*j - 3*t. What is the remainder when j is divided by ((-19)/(-2))/((-1)/(-2))?
16
Let w be (-3 - 0)/3*-2. Suppose w*v - 11 = -1. Suppose 5*h + 4*a = 13 + 4, v*h - 4*a - 33 = 0. Calculate the remainder when 22 is divided by h.
2
Let i(t) = 11*t + 18*t - 30*t + 8*t**3 + 2. Calculate the remainder when 35 is divided by i(1).
8
Let h(i) = 13*i + 54. Suppose -4*w + 20 = -0*l + 4*l, 5*l = 5*w + 55. Calculate the remainder when h(l) is divided by 20.
18
Let f(c) = -12*c. Suppose -6*s - 8 = -s + y, -5*y = 3*s - 4. Suppose 2*d + 464 = 5*l, -4*l - 5*d = 99 - 490. What is the remainder when l is divided by f(s)?
22
Let d = -8 + 9. Suppose -498 = 8*z - 506. What is the remainder when z is divided by d?
0
Let z(p) be the first derivative of -p**3/3 - 9*p**2/2 - 15*p + 2. Let x be z(-6). Suppose 175 = -x*s + 8*s. Calculate the remainder when s is divided by 9.
8
Let d(p) = 24*p - 5. Let k be 3 - (-6 + ((-9)/3)/(-1)). Calculate the remainder when d(k) is divided by 28.
27
Let z(s) = -s**2 - 3*s + 31. Let q = 32 + -39. Calculate the remainder when 6 is divided by z(q).
0
Suppose -9*o = 3*t - 11*o - 403, -4*o = 2*t - 290. What is the remainder when t is divided by 47?
43
Suppose 7*h = 3*h + 340. Calculate the remainder when 594 is divided by h.
84
Let r = 8 + -32. Let f = r + 26. What is the remainder when 11*2*(3 - f) is divided by 12?
10
Let t be 1/(-4) + 165/4. Let d = 93 - t. Let m(h) = -h**3 - 6*h**2 + 3*h - 10. What is the remainder when d is divided by m(-7)?
16
Let n(k) = k**3 - 2*k**2 - 3*k - 3. Let b = 3 + 11. Let z = b - 5. What is the remainder when n(4) is divided by z?
8
What is the remainder when 4 + (-5)/(4 + 1) is divided by 6/(-3)*(-3 + 2)?
1
Let i = 23 - 43. Let n be ((-6)/10)/(4/i). What is the remainder when 14 is divided by n + 0/(-1) + 2?
4
Let i = 551 - 422. What is the remainder when i is divided by 19?
15
Suppose -3*x + 211 = -23. Suppose -80 = -3*s + 4*h, -4*h - h = 2*s - 15. What is the remainder when x is divided by s?
18
Suppose -9*l + 117 = -405. Calculate the remainder when l is divided by (7 + -4)*(-40)/(-6).
18
Suppose 0*j - 2*j = 14. Let d(t) = t**2 + 5*t + 1. Let g be d(j). Let x = g + 4. Calculate the remainder when x is divided by 5.
4
Suppose -741 = -4*s - h, 5*s = 5*h + 973 - 78. Calculate the remainder when s is divided by 17.
14
Suppose 0*f = i + 5*f - 54, 4*i + 3*f = 216. Let r = -43 + 71. Calculate the remainder when i is divided by r.
26
Calculate the remainder when 96 is divided by (-387)/(-86)*5/(30/68).
45
Suppose 2*v - 40 = -3*p, 3*p = 5*p - 4*v - 16. Let m(x) = -10*x - 7. Suppose 3*q - 2 = -11. Calculate the remainder when m(q) is divided by p.
11
Suppose 12352 = 32*u + 2592. What is the remainder when u is divided by 34?
33
Let y be (8/24)/(2/384). Let r = y - 47. What is the remainder when r is divided by 4?
1
Let x(m) = m**3 + 5*m**2 - 2*m. Suppose 0 = -s - 6 + 10. Suppose 120 = 3*c + c + 4*g, s*c - g - 105 = 0. What is the remainder when c is divided by x(-5)?
7
Suppose 4*a - 2*i = -6*i + 52, -3*a = -5*i - 79. Suppose 518 = 4*n + 22. What is the remainder when n is divided by a?
16
Suppose -5*v + 12 + 28 = 0. Calculate the remainder when -8 - (-12 - 708)/12 is divided by v.
4
Suppose c + 0 = -5. Let o be c - -8 - 2*12. What is the remainder when 34 is divided by (-14)/o - (-52)/3?
16
Let i = 45 + -24. Suppose -a + i = -0*a. What is the remainder when a is divided by 11?
10
Suppose 5*o - 4*g - 80 = 0, 3*o + 2*g - 64 = -o. Let l(s) = o + 10*s**2 - 18*s**2 + 9*s**2 - 3*s. What is the remainder when l(6) is divided by 12?
10
Suppose 23*o = o + 286. Calculate the remainder when 107 is divided by o.
3
Let p = -24 + 28. Suppose -2*z + 0*z + 258 = p*v, 0 = 3*v - 5*z - 161. What is the remainder when v is divided by 16?
14
Suppose 4*l = -x + 29, 2*x - 4 = x + l. What is the remainder when 40 is divided by x?
4
Suppose 50*m - 38 = 81 + 181. Let j = 54 - 25. What is the remainder when j is divided by m?
5
Let x be (-6 - -2) + 1 + 182. Suppose -4*u + 148 = -4*k, 2*k - x = -5*u + 5*k. Calculate the remainder when u is divided by 12.
10
Suppose 323 = 13*c + 6*c. What is the remainder when 184 is divided by c?
14
Suppose -19*s + 1950 = 11*s. Calculate the remainder when 583 is divided by s.
63
Let d(s) = 10*s**2. Let v be 6/(-39) + (-30)/(-26). Let k be d(v). Suppose q + 5 - k = 0. Calculate the remainder when q is divided by 2.
1
Let u = 482 + -359. What is the remainder when u is divided by 6?
3
Let r(q) = q - 26. Let k be r(28). Suppose -5*m + k = 2*y - 6, 2*m = y - 4. Calculate the remainder when 29 is divided by y.
1
Suppose -2*t + 414 + 108 = 0. What is the remainder when t is divided by 38?
33
Suppose 0 = 4*b - 239 + 71. Let t be 1/(-2 + 291/147). Let r = 65 + t. Calculate the remainder when b is divided by r.
10
Suppose y - 2 - 40 = 0. Let t be y/35*(4 + 1). Suppose -24 = -4*a - 2*m, -2*m - t = 2. What is the remainder when 29 is divided by a?
5
Suppose -2*p + 0*p = -8. Suppose 0 = p*d - 9 + 5. Calculate the remainder when 12 is divided by (d + 2)/(27/63).
5
Let h(u) = -78*u + 155*u - 6 - 72*u + u**2. Suppose -w = 2 + 5. What is the remainder when 30 is divided by h(w)?
6
Let g be 0 - (-12)/54 - (-4)/(-18). Suppose g = -5*f + 15, -n - 2*f + 4*f = -115. What is the remainder when n is divided by 41?
39
Let l(h) = h**2 + 28*h - 25. What is the remainder when l(6) is divided by 20?
19
Suppose 5*h - 91 - 74 = 0. What is the remainder when (h + -37)/(2/(-8) + 0) is divided by 7?
2
Let b(i) = 11*i. Let s(d) = 6 + 5 + 9*d - d**3 - 5*d**2 - 16. What is the remainder when b(8) is divided by s(-7)?
28
Suppose 4*n + 6*n = 280. Suppose -m = -5*m + 220. Calculate the remainder when m is divided by n.
27
Suppose 4*f = 0, -f = -2*l + 44 + 16 - 22. Suppose -2*g + 74 = -0*g. What is the remainder when g is divided by l?
18
Let a(p) = 7*p**2 + 2*p + 1. Suppose -508 = -5*x - 5*d - 143, -2*x + 149 = 5*d. Calculate the remainder when x is divided by a(-2).
22
Suppose -2*q + 3*g = 2*q - 18, -5*q + 28 = -g. Suppose -q*j - 30 = -444. What is the remainder when j is divided by 18?
15
Suppose 0 = -3*g - 2*g, 2*v = -g + 14. Let t(z) = -z**2 + 7*z + 25. Let k be t(11). Calculate the remainder when (-1 - 1)/(-2) - k is divided by v.
6
Let q be 2 + 2 + -5 - -5. Suppose q*d = -46 + 138. What is the remainder when 160 is divided by d?
22
Suppose -w = -5*w + 120. Calculate the remainder when w is divided by 16.
14
Let s = 1253 + -895. What is the remainder when s is divided by 24?
22
Let b be 8/(-52) + 1